 base 15, what is 0 + 535734?
535734
In base 3, what is 210201 - -2011112201?
2012100102
In base 10, what is -1194 - 103463?
-104657
In base 7, what is 11 + -5234555?
-5234544
In base 12, what is 166410 - 1b1?
16621b
In base 10, what is -247493 + -13?
-247506
In base 15, what is -89 + 20d522?
20d488
In base 7, what is -3 - 4035466025?
-4035466031
In base 9, what is 285 - 205518?
-205223
In base 15, what is 15b0 - 806?
ca9
In base 3, what is -1010 + -2022211211100?
-2022211212110
In base 8, what is -265277 + 2547?
-262530
In base 15, what is 81e - 9890?
-9071
In base 14, what is 81d01 + -a33?
812ac
In base 10, what is 5073 + -2993?
2080
In base 16, what is -173763 + b?
-173758
In base 11, what is 11678598 - -a?
116785a7
In base 14, what is -2bb34b8 - 10?
-2bb34c8
In base 4, what is 111 - -21223302330?
21223303101
In base 3, what is -210102212 - 21020?
-210201002
In base 7, what is 6113451345 + 2?
6113451350
In base 10, what is -213101 + -834?
-213935
In base 6, what is -1213313412 + -5?
-1213313421
In base 6, what is -1543530 + 54?
-1543432
In base 14, what is 1a9 + 10adad?
10b178
In base 15, what is -10e - -11eea?
11ddb
In base 12, what is -8775 - -3691?
-50a4
In base 12, what is -2 + -1abb281?
-1abb283
In base 16, what is -1780 - 4?
-1784
In base 10, what is 552891 + -9?
552882
In base 7, what is -166505 + 2130?
-164345
In base 14, what is a - -83215?
83221
In base 2, what is 100110111001 + -110101100001?
-1110101000
In base 16, what is -16aba4 - d?
-16abb1
In base 8, what is 0 + -160405356?
-160405356
In base 10, what is 88960 + -140?
88820
In base 14, what is 6 - -8d9348d?
8d93495
In base 16, what is 3 - -2b4679?
2b467c
In base 6, what is 14 - -544552533?
544552551
In base 15, what is -18 - -52208?
521e0
In base 12, what is 5 + 5801489?
5801492
In base 12, what is 26280b29 - 1?
26280b28
In base 2, what is -1 - -10101101110100000000000?
10101101110011111111111
In base 9, what is 5012131 - 14?
5012116
In base 8, what is -50 - 2740245?
-2740315
In base 16, what is 4b33cb5 + 5?
4b33cba
In base 4, what is 2212 + -212332021?
-212323203
In base 12, what is -389 + -a866?
-b033
In base 9, what is -444 - -8704?
8250
In base 5, what is 113 + 1122403030?
1122403143
In base 16, what is -5 + -c6b32?
-c6b37
In base 15, what is 431ae7 + 66?
431b5d
In base 14, what is -3918257 - 1d?
-3918276
In base 5, what is -1011204 + 14231?
-441423
In base 11, what is -189414183 - -3?
-189414180
In base 12, what is b5 - -5432a?
54423
In base 5, what is 22342111320 + -141?
22342111124
In base 5, what is -2102030 - 4114?
-2111144
In base 3, what is 2210 - -20210210102?
20210220012
In base 4, what is 11 - 22122003320?
-22122003303
In base 7, what is 5 - 1253466?
-1253461
In base 16, what is 1213d15 - 1?
1213d14
In base 15, what is -3 - -849d24?
849d21
In base 12, what is 0 - -61831a6?
61831a6
In base 12, what is 440a972 - -4?
440a976
In base 9, what is 1051 + -41642?
-40581
In base 12, what is -96204 - -a3?
-96121
In base 12, what is 3582 - -506b?
8631
In base 13, what is -591b56 + -a?
-591b63
In base 2, what is -110011001100000101 + -1010000?
-110011001101010101
In base 4, what is -13 - 20030311312?
-20030311331
In base 16, what is -5 - -62b6609?
62b6604
In base 14, what is -b9 + 319b5?
318da
In base 11, what is 1997 + -10a38?
-a051
In base 3, what is -210010202220011 - -1?
-210010202220010
In base 3, what is -1201210121 + -2102001?
-1211012122
In base 16, what is -7 - 344af7?
-344afe
In base 4, what is 1101302112123 - -1?
1101302112130
In base 13, what is 162 - -49897?
49a29
In base 16, what is cc3f2 + b?
cc3fd
In base 4, what is 1113 - 112001102?
-111333323
In base 11, what is -4 + -8201904?
-8201908
In base 12, what is -19a4509b + 4?
-19a45097
In base 3, what is 210121000 - -120220111?
1101111111
In base 6, what is -332014 + 400?
-331214
In base 14, what is dd1 - -764?
1755
In base 4, what is -31031000 + -1302331?
-32333331
In base 16, what is -37c8a - 6?
-37c90
In base 12, what is 60b166a + 6?
60b1674
In base 12, what is 12aa8ba7 - -3?
12aa8baa
In base 15, what is -278847c + 8?
-2788474
In base 13, what is 12b650 + cc?
12b74c
In base 6, what is 545505 + -233?
545232
In base 10, what is -82 + 645019?
644937
In base 4, what is -2332031333311 - 10?
-2332031333321
In base 11, what is 2567a + 1113?
26792
In base 7, what is 1436446 - -1432?
1441211
In base 15, what is -99bc5 - 1?
-99bc6
In base 3, what is 10221210 + -11110211?
-112001
In base 9, what is 10 + -1427817?
-1427807
In base 4, what is -3203100 - -21103?
-3121331
In base 2, what is 1001101 - -11111111010101111?
11111111011111100
In base 8, what is -1054 + -4030025?
-4031101
In base 7, what is -2 - 6616561613?
-6616561615
In base 6, what is 2023503144 + -3?
2023503141
In base 6, what is 201003211 - 40?
201003131
In base 11, what is -18626 - -3231?
-153a5
In base 16, what is 4 - 10ecf2f?
-10ecf2b
In base 9, what is 2 + 676615?
676617
In base 9, what is 301 + -370351?
-370050
In base 6, what is -3423552152 - 0?
-3423552152
In base 14, what is -8cda - 10b4?
-9db0
In base 3, what is 12210112101 + 10222101?
12221111202
In base 16, what is 37 + -13c785?
-13c74e
In base 14, what is -77 - 74b625?
-74b69c
In base 16, what is 4686e02 + 2?
4686e04
In base 13, what is -2 - -7621913?
7621911
In base 15, what is e7822 - -2e?
e7851
In base 7, what is 153 - 324415?
-324232
In base 4, what is -100121011201 + -13?
-100121011220
In base 14, what is 636 + -1341?
-b09
In base 10, what is -1492 - 1674?
-3166
In base 12, what is 3 + -3732a10?
-3732a09
In base 2, what is -110110110001111111110110 + -11?
-110110110001111111111001
In base 11, what is 14898 + -888?
14010
In base 6, what is -1230051304 + -2?
-1230051310
In base 12, what is 7 - 14348a73?
-14348a68
In base 9, what is -5 - 1357677?
-1357683
In base 5, what is -43410123142 + 1?
-43410123141
In base 13, what is 2228c + -a9?
221b3
In base 10, what is -199 + 168389?
168190
In base 15, what is 1e - -8aaaa?
8aac9
In base 3, what is 111021 - 122220111?
-122102020
In base 14, what is 4 - -14679a4?
14679a8
In base 5, what is 132 - -21224124013?
21224124200
In base 11, what is -131a + -318172?
-319491
In base 10, what is -24 - -171128?
171104
In base 9, what is -1234 - -128860?
127625
In base 5, what is 113340 + -1434314?
-1320424
In base 12, what is -ba28 - 183?
-bbab
In base 14, what is -2048 + -3658?
-56a2
In base 11, what is -5 - 8038392?
-8038397
In base 8, what is -5307 + 1245061?
1237552
In base 11, what is -125309381 + -1?
-125309382
In base 5, what is -1020023242 - 1331?
-1020030123
In base 3, what is 10202022112120 - -2?
10202022112122
In base 6, what is -1251 + -1445402?
-1451053
In base 13, what is -9bc - 91acc?
-927bb
In base 3, what is -210202 + -21012021?
-22000000
In base 5, what is 14 - 302032233?
-302032214
In base 8, what is -63520766 + -12?
-63521000
In base 5, what is 11342 - -2322041?
2333433
In base 12, what is 14372 - -14aa?
15860
In base 14, what is c149c - 17?
c1485
In base 7, what is -325 + 2646?
2321
In base 10, what is -175 + -2400?
-2575
In base 13, what is -4016 - -1386?
-2960
In base 10, what is -8739 - 43?
-8782
In base 4, what is 200113 - -1311232?
2112011
In base 10, what is -847122 + 1?
-847121
In base 13, what is 0 + -4611415?
-4611415
In base 8, what is -11 + 15534564?
15534553
In base 12, what is -6 - -138370ab?
138370a5
In base 11, what is 25 + -1285537?
-1285512
In base 10, what is 10290576 + 17?
10290593
In base 13, what is 11b + -21c99c6?
-21c98a8
In base 13, what is -7b394 - -13?
-7b381
In base 9, what is 51436227 - -2?
51436230
In base 10, what is -139 - 3602344?
-3602483
In base 2, what is -101111011011110011001 + -1?
-101111011011110011010
In base 4, what is -20123103 + -10302013?
-31031122
In base 16, what is -625ec6 + 6?
-625ec0
In base 7, what is 6135 - 304?
5531
In base 5, what is 11442321032440 - 2?
11442321032433
In base 5, what is 10421143 - 103104?
10313034
In base 5, what is -403413 - -2242?
-401121
In base 11, what is -756060 + -1a?
-75607a
In base 8, what is 500065 + -142?
477723
In base 6, what is -3 - -10002334105?
10002334102
In base 4, what is -2200002 + 3023?
-2130313
In base 4, what is 21020330001 + -10113?
21020313222
In base 6, what is -20542351 + -10?
-20542401
In base 13, what is -14c - 2b268?
-2b3b7
In base 7, what 